s digit of (-62)/16*-26 - 9/(-36)?
1
Let u = -30 + 24. Let k(f) be the first derivative of -f**2 + 8*f + 1. What is the units digit of k(u)?
0
Suppose -g - 4*g - 40 = 0. Let o = -5 - g. What is the units digit of o?
3
Let k = -1 - -16. What is the units digit of k?
5
Let s = 5 + -2. Suppose -u = s*d - 7, 3*d = 4*u - 3*u + 11. Let m = -2 + d. What is the units digit of m?
1
Suppose 4*n + 3 = 5*n. Let z be (-6)/(-4) - n/(-6). Suppose -z*j = -7*j + 40. What is the units digit of j?
8
Let a(u) = -u**3 - 14*u**2 - 19*u - 3. What is the tens digit of a(-13)?
7
Suppose 2*j + 4 = 0, -w + 53 = -3*j + 5*j. What is the units digit of w?
7
Let o(n) = -n + 1. Suppose 0 = 5*a - 4*a + 13. What is the tens digit of o(a)?
1
Let r be (-1)/(1 + 16/(-14)). Suppose 1 = -3*c + r. Suppose -2*f + 44 = c*f. What is the units digit of f?
1
Let l(m) = m**3 + 6*m**2 + 4*m + 6. Suppose 3*h = 5*h - 10. Suppose 7*d = h*d - 10. What is the units digit of l(d)?
1
Let i(o) = 149*o**2 + o. What is the hundreds digit of i(1)?
1
Let k be (-14)/(-4) + (-3)/6. Suppose 7 - 4 = k*j. What is the units digit of j?
1
Suppose 8 + 7 = 5*m. Let j(y) = -y**3 + 6*y**2 - 5*y + 3. Let p be j(5). Let t = p + m. What is the units digit of t?
6
Let v = 9 + 11. What is the tens digit of 92/5 - (-12)/v?
1
Let m = 4 + -4. Suppose m*j = 5*j. Suppose -2*k = 3*s - 2, -2*s + 0*k + 4*k + 12 = j. What is the units digit of s?
2
Let p(o) = o**2 + 5*o. Let x be p(-5). Suppose 0 = 4*l - x - 4. What is the units digit of l?
1
Suppose 6*h - 4*h - 182 = 0. What is the tens digit of h?
9
Suppose 1 + 3 = -q, 63 = v - q. What is the units digit of v?
9
What is the units digit of 7/(70/(-44))*-10?
4
Let h be (-6 - -1)*4 + 1. Let a be (-84)/8 + 2/(-4). Let d = a - h. What is the units digit of d?
8
Let k be (20/(-15))/(4/(-6)). Suppose 2*i = -3*b + i + 75, k*i - 102 = -4*b. Let g = b - 11. What is the tens digit of g?
1
Suppose -2*h + 16 = -2*y, 2*y - 4 = 2*h + 4*y. Suppose 0 = -0*z + h*z - 90. What is the tens digit of z?
3
What is the units digit of 0/(-2 - -1) + 39?
9
Suppose 8 = -t - 3*h + 46, 5*t - 118 = 3*h. What is the units digit of t?
6
Suppose 0*f + 2 = -t + f, -t + 2*f = 4. Suppose 2*b - 3*b + 4*a + 11 = t, 0 = b + 3*a - 25. What is the tens digit of b?
1
Suppose -2*g = 5*y - 21, -g + 0*y - 5*y = -3. Suppose -g = -5*i + 82. What is the units digit of i?
0
Let t = -170 - -350. What is the units digit of t?
0
Let m = 20 - 14. What is the units digit of m?
6
Suppose 48 + 7 = -r. Let b = -20 - r. What is the tens digit of b?
3
Let q(r) = 7*r**2 + r. Let a be q(2). Let h = 7 - 3. Suppose 0 = -h*p + 2*p + a. What is the units digit of p?
5
What is the units digit of 84/(-10)*35/(-14)?
1
Let y = 99 - 91. What is the units digit of y?
8
Let b be (-4)/(-10) + (-8)/(-5). Suppose 0 = -x - b*n + n - 3, 15 = 5*x - n. What is the units digit of (9/x)/((-2)/(-4))?
9
Let m = 10 + -1. Let n = 15 - m. What is the units digit of n?
6
Let c = 176 - 89. What is the units digit of c?
7
Suppose 0 = 5*w + 7 - 72. Let o = -19 + w. What is the tens digit of (-63)/o + 2/(-4)?
1
Let i(m) = 4*m + 2. Let s be i(-2). Let z(o) = -o**3 - 7*o**2 - 9*o - 4. What is the tens digit of z(s)?
1
Let b(h) = -16*h - 24. What is the tens digit of b(-6)?
7
Let z = -6 + 7. What is the units digit of (-55)/(-10) - z/(-2)?
6
Let h(n) = n**3 + 4*n**2 + 6*n. Let i be h(-4). Let u = 43 + i. What is the units digit of u?
9
Let q(k) = 7*k**2 - 7*k + 4. What is the units digit of q(6)?
4
What is the units digit of (7/2 - -2)*(2 - 0)?
1
Suppose -5*j = -4*z - 16, 5*j - z - 2*z - 12 = 0. Suppose j = -2*l + 35 - 1. What is the tens digit of l?
1
Let d be 1 - ((-1 - -3) + -3). Suppose -5*b = -3*o - 0*b + 34, -d*o = -4*b - 22. What is the units digit of o?
3
Suppose 0 = -p + 8 + 23. Suppose -3*n = -5*a - p, 22 = 4*n - 2*n - 4*a. What is the units digit of n?
7
Let k(q) = q + 6. Let v be k(-8). Let r(t) = -4*t + 4. What is the units digit of r(v)?
2
What is the tens digit of (205/(-15))/((-2)/6)?
4
Let i = 70 - 9. What is the tens digit of i?
6
Suppose 4*k = 3*k. Suppose k*m = m - 4. Suppose -m - 4 = -t. What is the units digit of t?
8
Let w(z) = -z**3 - 8*z**2 - 8*z - 6. What is the units digit of w(-7)?
1
Suppose -3*r - 7 = -4*r. Suppose 4*j - 12 = 3*f, -j = -2*f + r*f - 3. Suppose j*h - 4 = 2*h. What is the units digit of h?
4
Let k(h) be the first derivative of -h**3/3 - 5*h**2/2 - 4*h - 1. What is the units digit of k(-3)?
2
Suppose 4*h = -0 + 12. Let y(q) = 3*q + 4. Let x be y(h). Suppose -4*t + 3*t + x = 0. What is the units digit of t?
3
Suppose s - 5 = -2*n, -3*n - 2*s + 5 = -0*n. Suppose -2*y - 6 = -5*a + 4, n*y = 25. Suppose 0*g + 4*g + 4 = 4*c, -4*g + 12 = a*c. What is the units digit of c?
2
Let m(k) = k**2 - 5*k. What is the units digit of m(8)?
4
Let z = 10 - 4. Let j be z/(1 + 2) - -1. Suppose j - 2 = u. What is the units digit of u?
1
Let d be 24*(12/9)/(-2). Let u be d/24 + (-47)/(-3). Suppose 0 = f - 2*g - u, 3*f - 22 = f + 2*g. What is the units digit of f?
7
Let f be (-12 - 0)*7/(-4). Suppose -4*q = -a - 1 - 7, -4*a - f = -5*q. Let b = a - -14. What is the units digit of b?
0
Let y = 64 + -36. What is the units digit of y?
8
Let m(o) = o**2 + o - 5. Let z be m(4). Suppose -z + 2 = -j. What is the tens digit of j?
1
Suppose -2*j + 161 = 5*s, 3*j - 237 = -s - 2*s. What is the tens digit of j?
7
Suppose -5*l = -4*l + 13. Let k = l + 8. Let w(u) = u**2 + 5*u + 4. What is the units digit of w(k)?
4
Suppose -5*j = -j - 20. Let g = -2 + j. What is the units digit of g?
3
Let d(c) = -10*c - 6. Let x be d(11). Let w = 171 + x. What is the units digit of w?
5
Suppose 0 = 2*g + 3*o - 1, 7 = -3*g + o + 3. Let h = g + 1. Suppose 4*u = -h*u + 4. What is the units digit of u?
1
Suppose 14 = 3*c - 2*l, -c - c + 31 = 3*l. What is the tens digit of c - (-1 + 3 - 4)?
1
Let m(l) be the first derivative of -l**3/3 + l**2/2 + 4*l - 3. Let k be m(3). What is the units digit of 2 - -2 - k/2?
5
Suppose 9*h = 5*h + 12. Suppose -3*a = h*f - 48, 5*f - a = -2*a + 84. What is the units digit of f?
7
Let i be (8 - 5) + (-4 - -1). Suppose i = -2*k - q + 33, 4*q + 7 = k - 23. What is the units digit of k?
8
Let i(d) = 50*d**2. Let z be i(-1). Suppose y - z = -4*y. What is the tens digit of y?
1
Let q(v) = -v**2 + 9*v - 8. Suppose 5*s + 1 = 16. Suppose 0 = -2*w + 5*p - s, 6*p - 5*p + 15 = 3*w. What is the units digit of q(w)?
0
Let f(c) = -6*c - 5. What is the units digit of f(-8)?
3
Suppose -4*x + 235 = d, -2*x = x + d - 176. What is the units digit of x?
9
Let l = 3 + -3. Let p = 7 - l. Let d = -3 + p. What is the units digit of d?
4
Suppose -20 = -5*h, 0 = 4*n - h - 54 - 14. Suppose 4*l = 6*l - n. Suppose 7*x - l = 4*x. What is the units digit of x?
3
Let n(h) = -h**3 + 6*h**2 - 5*h - 1. Let b be n(5). Let s(z) = 2*z**2. Let i be s(b). What is the units digit of i/9 + (-395)/(-45)?
9
Let n = -78 - -77. Let a(q) be the third derivative of -11*q**6/120 - q**3/6 - q**2. What is the tens digit of a(n)?
1
Suppose -m + 0 = 3, -5*b + m = 37. Let g = 11 - b. What is the tens digit of g?
1
Let w(s) = 2*s**2 + 2*s + 2. Let a be w(-5). Let l = a + -26. What is the units digit of l?
6
Suppose -11*c + 248 = -3*c. What is the tens digit of c?
3
Let f(i) be the third derivative of i**6/120 - i**5/30 + i**4/12 - 2*i**3/3 + i**2. What is the tens digit of f(3)?
1
Let n(b) = -b**2 - 8*b - 7. Let j be n(-5). What is the units digit of (-768)/j*2/(-6)?
2
Let t = 24 - -70. What is the units digit of t?
4
Let l(j) = -3*j + 11. What is the units digit of l(-6)?
9
Suppose 0 = -2*o - 2*u - u + 29, 0 = -5*o - 5*u + 75. Let y = o + 11. What is the units digit of (-4)/14 - y/(-21)?
1
Let o be -16*(-2 + (-3 - -3)). Suppose -5*f + o = -123. What is the units digit of f?
1
What is the tens digit of (16 + 0)/4 - -22?
2
Let j be 2*9/12*10. Let s = 0 + -4. Let c = j + s. What is the units digit of c?
1
Let y(l) = -l**2 + 10*l - 4. Let a be (-20)/(-3)*(-6)/(-5). What is the units digit of y(a)?
2
Let s(m) be the third derivative of -m**4/24 + m**3/2 + 3*m**2. What is the units digit of s(-6)?
9
Let i = -37 - -57. What is the units digit of i?
0
Suppose 3 = j - 2*k - 5, j + 5*k = -13. Suppose l - j = 2. What is the units digit of l?
4
Let m(h) be the first derivative of h**2 - h + 3. What is the units di